)/(-3)*(-1 - -20)?
17
Calculate the remainder when 352 is divided by 520/(-624) + 1558/12.
94
Suppose -4*z + 12 + 20 = 4*m, z - 4*m - 13 = 0. What is the remainder when 33 is divided by z?
6
Let h = 520 + -487. Suppose -18 = 3*n + 9. Let z = 21 + n. What is the remainder when h is divided by z?
9
Let u(w) = -w**3 + 9*w**2 - 780*w + 6202. Suppose 60 = k + 3*s, -3*k + 0*s + 250 = -5*s. Calculate the remainder when k is divided by u(8).
23
Suppose 12*h + 457831 = 544243. Calculate the remainder when h is divided by 4.
1
Let q(c) = 107*c + 111. Let r be q(-1). Suppose 2 + 7 = 3*s. Suppose -s*a + 42 = r*a. Calculate the remainder when 15 is divided by a.
3
Let x = -39 + 24. Suppose 456 = 41*z - 3*z. What is the remainder when 79 is divided by (z/x)/((-1)/20)?
15
Let i(q) = -q**2 - 30*q - 65. What is the remainder when i(-18) is divided by 19?
18
Let p(g) be the second derivative of g**3/2 + 113*g**2/2 - 86*g + 2. Calculate the remainder when 208 is divided by p(-34).
10
Let z(i) = -49*i - 1. Let h be z(-3). Calculate the remainder when h + 73 + ((-1)/(-1))/(-1) is divided by 10.
8
Suppose 0 = -24*y + 44696 - 36704. Calculate the remainder when 1672 is divided by y.
7
Let l = 42 - 38. Suppose -2*q - 4*y = q - 21, -50 = -l*q + 2*y. Calculate the remainder when (-570)/(-11) + 4/22 is divided by q.
8
Suppose 0 = -29*g + 98717 + 22581 - 31050. Calculate the remainder when g is divided by 156.
148
Calculate the remainder when (2331/111)/((-11)/66 - (-17)/96) is divided by 81.
72
Suppose -3*y - 100 = -28*y. Suppose -2*t = y*t - 132. Calculate the remainder when 37 is divided by t.
15
Let k(h) = -7*h**3 + 3*h**2 + 48*h + 122. What is the remainder when 1734 is divided by k(-4)?
30
Suppose 64 = -4*l + 160. Suppose -9 = -5*m + 16. Suppose -4*d - 2*t + 0*t = -382, -m*d - 4*t = -485. What is the remainder when d is divided by l?
21
Let n = 7600 - 4963. Calculate the remainder when n is divided by 15.
12
Let q(z) = 5*z + 4. Suppose 905 = 6*s + 83. What is the remainder when s is divided by q(2)?
11
Let s(m) = -5019*m + 110469. Let u = 345 + -93. Calculate the remainder when u is divided by s(22).
48
Let t = 98 - 50. What is the remainder when (30/5 + -101)*-3 is divided by t?
45
Let h(j) = -j**3 - 2*j**2 - 6*j + 1. What is the remainder when 1174 is divided by h(-3)?
26
Suppose -4*s = -15 + 47, 6*j + 5*s - 172400 = 0. What is the remainder when j is divided by 41?
40
Suppose -3*t + 4*d + 79 = 0, 3*t - 411*d + 413*d - 37 = 0. Calculate the remainder when 5811 is divided by t.
14
Suppose 3*i - 29 = -41. What is the remainder when 33 is divided by (-1295)/(-175) + i/10?
5
Let w(i) = -3*i**3 - 5*i**2 - 2*i + 6. Let c be w(-3). Calculate the remainder when 15 is divided by c/4 - 2/(0 + 2).
4
Let o(h) = 3*h**2 + 48*h - 393. Calculate the remainder when o(10) is divided by 80.
67
Let v = 18 - 6. Suppose -1405 = -8*u + 1163. Suppose 9*s - 717 = -u. Calculate the remainder when s is divided by v.
8
Let f = -28 + 304. Suppose 11*x - f = 65. Calculate the remainder when 215 is divided by x.
29
Let o = 909 + -861. What is the remainder when 549 is divided by o?
21
Let g = 64 - 43. Suppose -137 + 23 = -2*t. Suppose 0 = -z + t + 3. Calculate the remainder when z is divided by g.
18
Suppose 3*n - 776 = -5*n + 152. Let t = 11 + 6. What is the remainder when n is divided by t?
14
Let s(b) = b**3 + 8*b**2 + 14*b. Let u be s(-6). Let r = u + 97. Calculate the remainder when r is divided by 33.
19
Let a = -16469 - -16493. What is the remainder when 550 is divided by a?
22
What is the remainder when 1050 is divided by (-92)/72*-30*3?
15
Let o = 0 - 0. Let z(q) = 3*q**2 + 5*q - 54. Let h(l) = -5*l**2 - 8*l + 81. Let v(m) = -5*h(m) - 8*z(m). What is the remainder when 53 is divided by v(o)?
26
Suppose 33*j - 489 = -11*j + 83. Let k = -9 + 29. What is the remainder when k is divided by j?
7
Let u = 21 - 6. Suppose o = -4*o, 4*r + 476 = o. Let l = r - -235. Calculate the remainder when l is divided by u.
11
Suppose -14*f = -9*f. Let m(y) = -2*y**3 + 2*y**2 + y - 49. Let n be m(f). Let b = 89 + n. Calculate the remainder when 156 is divided by b.
36
Let q(m) = 3*m**2 + 17*m + 56. Let r(w) = w**3 + 11*w**2 - 3*w + 10. What is the remainder when r(-10) is divided by q(-4)?
32
Suppose 2*w = 3*j + 423, 10*j - 13*j + 15 = 0. What is the remainder when w is divided by (-18)/12*148/(-3)?
71
Let f be ((-100)/(-15) - 6)*(-45)/(-5). What is the remainder when 179 is divided by (-28)/(-12)*11 + 8/f?
17
Let z be -1 + (-2)/4 + 3/2. Suppose z = -c + 3 - 0. Suppose -2*d - 32 = -4*x, 0 = 4*x + c*d - 45 + 3. What is the remainder when 35 is divided by x?
8
Suppose 0 = 3*k, -6*k + 0*k + 4*k + 19 = s. What is the remainder when 7789 is divided by s?
18
Suppose 2*v + 2*u = u + 11, -v - 11 = -5*u. Suppose -v*d - 125 = -9. Let z = 48 + d. What is the remainder when 73 is divided by z?
16
Calculate the remainder when ((-924)/(-30) + -26)/(-1 - 13/(-10)) is divided by 7.
2
Suppose 3*q - 4*t - 9694 = 1335, -2*t + 7362 = 2*q. What is the remainder when q is divided by 205?
194
What is the remainder when 221 is divided by (27 + 243/135)/((-2)/(-15))?
5
Suppose 20 = 4*j, 0 = 2*x + 2*j - 168 - 86. Let r(l) = -69*l - 3080. What is the remainder when x is divided by r(-45)?
22
Suppose 182*v - 1088630 = -225545 + 505191. Calculate the remainder when v is divided by 103.
102
Let f(j) = -12*j - 26. Let x be 26/(-8) + (-16)/((-448)/(-21)). Suppose -4*g = -2*g - 262. What is the remainder when g is divided by f(x)?
21
Suppose -4*r + 69 = 5*l, -2*l + 35 = l - 4*r. Suppose -3*a - 15 = -4*f + l, -4*f + 2*a = -32. What is the remainder when 78 is divided by f?
8
Let d(w) = -w**3 + 26*w**2 - 138*w - 23. What is the remainder when d(16) is divided by 193?
136
Calculate the remainder when 419 is divided by (-14)/6*(13 + -19).
13
Suppose 7*p + 3*p = 0. Suppose -9*a + 27*a - 648 = p. Calculate the remainder when a is divided by 36.
0
Suppose -33 = -0*h + h. Let u = h + 79. Let p = -32 + u. Calculate the remainder when 54 is divided by p.
12
Let n = 539 - 523. Suppose -5*g - 135 = -5*i, -3*i - g + 80 = -5*g. Let r = i - -51. Calculate the remainder when r is divided by n.
15
Let g be (1 + -2 - -57) + 0. Let v be 11988/(-148)*(-2)/2. Let m = v - g. Calculate the remainder when m is divided by 13.
12
Suppose -185*f + 194*f - 2403 = 0. Calculate the remainder when 539 is divided by f.
5
Suppose -1515 = 26*s + 1033. What is the remainder when (s + 9)*(-1 + -2 + 2) is divided by 23?
20
Let p(a) = -6*a - 38. Let h be p(0). Let n = 170 + h. Calculate the remainder when n is divided by 19.
18
Let w be (-7 - -21)*(36/(-21) + 2). Suppose 0 = -9*j - w*j + 1417. What is the remainder when j is divided by 29?
22
Suppose 3*z - 194 = 7*n - 8*n, -4*n - 15*z = -779. Calculate the remainder when n is divided by 49.
44
Let h(m) = -3*m**2 - 18*m - 28. Let l be h(-8). Let y = l + 115. Calculate the remainder when y is divided by 10.
9
Let l = -17071 - -17136. Calculate the remainder when l is divided by (-2)/5 - 122/(-5).
17
Let c = 409 - 377. Let x = 97 + 349. Calculate the remainder when x is divided by c.
30
Suppose -988 - 1865 = -9*m. Let a = -259 + m. Calculate the remainder when 222 is divided by a.
48
Let k = 104 + -48. Let l = k + -40. What is the remainder when (1 - -1)*(28 + (10 - 11)*-3) is divided by l?
14
Let w = 106 + -102. Suppose 21 = 4*v + w*p - 27, -2*v + 3*p = -49. Calculate the remainder when 47 is divided by v.
13
What is the remainder when (483/(-4)*(410/30 - 11))/(-2) is divided by 15?
11
Let t = -5010 + 5019. Calculate the remainder when 131 is divided by t.
5
Suppose -r + 836 = 4*r - s, 0 = r - 5*s - 148. Let a(n) = -n**2 - 15*n + 95. Calculate the remainder when r is divided by a(-19).
16
Let u = 501 - 483. What is the remainder when 3002 is divided by u?
14
Let f(v) = -26*v + 20. Let y(z) = 78*z - 60. Let s(q) = -17*f(q) - 6*y(q). Calculate the remainder when s(-7) is divided by 17.
15
Suppose 26*b + 5174 = 6500. Calculate the remainder when 35494 is divided by b.
49
Suppose 0 = 5*q + 3*f - 2210, -2*f - 6 = -16. What is the remainder when q is divided by 182?
75
Let l = -3270 - -8022. Calculate the remainder when l is divided by 78.
72
Let w(u) be the first derivative of u**4/4 + 2*u**3 + 12*u + 3. Suppose -6*d + 132 = -